, 163, 12071
List the prime factors of 33621921.
3, 191, 19559
List the prime factors of 4231234530.
2, 3, 5, 37, 423547
What are the prime factors of 4325108936?
2, 540638617
List the prime factors of 1841557793.
17, 5741, 18869
What are the prime factors of 275956122?
2, 3, 13, 3537899
List the prime factors of 224337004.
2, 4657, 12043
What are the prime factors of 1888640534?
2, 11, 17, 5049841
List the prime factors of 26254259.
661, 39719
What are the prime factors of 485769394?
2, 11, 41, 137, 3931
What are the prime factors of 62100120?
2, 3, 5, 517501
List the prime factors of 413719339.
11, 37610849
What are the prime factors of 3622850373?
3, 191, 797, 7933
List the prime factors of 325765621.
19, 83, 251, 823
What are the prime factors of 58062210?
2, 3, 5, 1935407
What are the prime factors of 1323427429?
23, 57540323
List the prime factors of 290427206.
2, 163, 890881
List the prime factors of 78284508.
2, 3, 599, 10891
List the prime factors of 33029596.
2, 1453, 5683
List the prime factors of 2887238414.
2, 31081, 46447
What are the prime factors of 272112156?
2, 3, 2519557
List the prime factors of 354707350.
2, 5, 7094147
List the prime factors of 59031992.
2, 1259, 5861
List the prime factors of 25139045.
5, 911, 5519
What are the prime factors of 3715027848?
2, 3, 7, 31, 79259
What are the prime factors of 199983917?
7, 28569131
What are the prime factors of 69090973?
7, 19, 163, 3187
List the prime factors of 110580782.
2, 13, 31, 137197
List the prime factors of 836905048.
2, 7, 23, 649771
What are the prime factors of 170703126?
2, 3, 11, 37, 863
What are the prime factors of 121640856?
2, 3, 659, 7691
What are the prime factors of 78444954?
2, 3, 7, 751, 829
List the prime factors of 30305200.
2, 5, 239, 317
What are the prime factors of 97098701?
7, 41, 338323
What are the prime factors of 1223423242?
2, 611711621
List the prime factors of 108690458.
2, 54345229
What are the prime factors of 4362495906?
2, 3, 1777, 409163
List the prime factors of 43152934.
2, 11, 181, 10837
What are the prime factors of 54178568?
2, 137, 49433
List the prime factors of 198917391.
3, 17, 3900341
List the prime factors of 627341589.
3, 7, 1621, 6143
What are the prime factors of 288563287?
17, 16974311
List the prime factors of 5775377241.
3, 17, 113242691
List the prime factors of 2217114513.
3, 31, 347, 22901
What are the prime factors of 182360753?
37, 1607, 3067
List the prime factors of 120821253.
3, 7, 241, 23873
What are the prime factors of 56645999?
56645999
What are the prime factors of 499292011?
499292011
List the prime factors of 362211007.
362211007
List the prime factors of 264953112.
2, 3, 733, 15061
List the prime factors of 3172816792.
2, 883, 449153
What are the prime factors of 1075189024?
2, 7, 13, 19, 19433
List the prime factors of 683581140.
2, 3, 5, 11, 157, 733
List the prime factors of 196732854.
2, 3, 3643201
List the prime factors of 799247594.
2, 399623797
List the prime factors of 1262873290.
2, 5, 7, 773, 23339
What are the prime factors of 483724850?
2, 5, 7, 157, 8803
List the prime factors of 92046379.
92046379
List the prime factors of 729774327.
3, 243258109
What are the prime factors of 511140959?
7, 211, 271, 1277
What are the prime factors of 120765787?
41, 61, 109, 443
What are the prime factors of 89906590?
2, 5, 71, 139, 911
List the prime factors of 113819709.
3, 17, 19, 23, 5107
List the prime factors of 229477067.
17, 79, 241, 709
List the prime factors of 2687094532.
2, 19, 131, 269897
List the prime factors of 58563540.
2, 3, 5, 7, 15493
What are the prime factors of 1738274982?
2, 3, 337, 859681
What are the prime factors of 5355566878?
2, 67, 39966917
List the prime factors of 1060886946.
2, 3, 7, 379, 9521
List the prime factors of 81280425.
3, 5, 997, 1087
List the prime factors of 100990688.
2, 3155959
List the prime factors of 64507052.
2, 19, 43, 19739
List the prime factors of 4276625504.
2, 47, 2843501
What are the prime factors of 236805987?
3, 11, 19, 377681
What are the prime factors of 413913686?
2, 206956843
List the prime factors of 5700783272.
2, 419, 1019, 1669
List the prime factors of 26907814.
2, 31, 101, 4297
List the prime factors of 21275167.
127, 167521
List the prime factors of 254432248.
2, 7, 103, 44111
What are the prime factors of 1274776791?
3, 424925597
What are the prime factors of 68828971?
17, 151, 26813
What are the prime factors of 16287231?
3, 67, 81031
List the prime factors of 136841779.
71, 1927349
List the prime factors of 24669304.
2, 11, 31, 9043
What are the prime factors of 2151904496?
2, 7, 953, 20161
What are the prime factors of 2128521572?
2, 191, 239, 11657
What are the prime factors of 893668464?
2, 3, 13, 17681
What are the prime factors of 77743780?
2, 5, 29, 311, 431
What are the prime factors of 2137155171?
3, 59, 419, 28817
List the prime factors of 90110595.
3, 5, 6007373
List the prime factors of 283686725.
5, 7, 33083
List the prime factors of 575469502.
2, 1451, 198301
What are the prime factors of 4404807049?
17, 259106297
What are the prime factors of 1538419030?
2, 5, 97, 167, 9497
List the prime factors of 200363195.
5, 40072639
What are the prime factors of 1376460699?
3, 19009, 24137
What are the prime factors of 1054100174?
2, 527050087
List the prime factors of 46008898.
2, 13, 31, 4391
What are the prime factors of 548896467?
3, 7, 26137927
What are the prime factors of 460110189?
3, 7, 11, 1991819
List the prime factors of 3372947046.
2, 3, 7, 59, 64817
List the prime factors of 992228106.
2, 3, 165371351
What are the prime factors of 412997444?
2, 227, 454843
What are the prime factors of 415279556?
2, 457, 227177
List the prime factors of 121170173.
43, 1613, 1747
What are the prime factors of 312555696?
2, 3, 6511577
What are the prime factors of 675200096?
2, 21100003
List the prime factors of 4628017773.
3, 1523, 337639
What are the prime factors of 45538131?
3, 15179377
List the prime factors of 74225092.
2, 1487, 12479
What are the prime factors of 7103533770?
2, 3, 5, 151, 522703
What are the prime factors of 128633258?
2, 13, 487, 10159
What are the prime factors of 682090336?
2, 257, 82939
What are the prime factors of 594782472?
2, 3, 24782603
List the prime factors of 42580978.
2, 11, 353, 5483
List the prime factors of 50168939.
59, 131, 6491
What are the prime factors of 2079200591?
13, 2411, 66337
What are the prime factors of 202102207?
202102207
List the prime factors of 2046843929.
13, 157449533
What are the prime factors of 48871819?
19, 331, 409
List the prime factors of 1203518421.
3, 7, 127, 359, 419
List the prime factors of 2449113992.
2, 13, 23549173
What are the prime factors of 77972402?
2, 38986201
What are the prime factors of 1190794674?
2, 3, 269, 641, 1151
What are the prime factors of 920545849?
43, 2801, 7643
What are the prime factors of 296993978?
2, 17, 19, 24197
What are the prime factors of 2607417?
3, 269, 359
What are the prime factors of 826142662?
2, 29, 59, 241421
List the prime factors of 815558849.
7, 173, 673459
What are the prime factors of 2060302?
2, 43, 23957
List the prime factors of 1192148.
2, 491, 607
List the prime factors of 23658959.
89, 265831
What are the prime factors of 33435987?
3, 13, 857333
List the prime factors of 3312865781.
37, 89536913
List the prime factors of 111484848.
2, 3, 37, 62773
List the prime factors of 6572625.
3, 5, 17, 1031
What are the prime factors of 852204974?
2, 1063, 400849
What are the prime factors of 762149590?
2, 5, 167, 456377
What are the prime factors of 18378878?
2, 7, 1312777
List the prime factors of 3581799.
3, 13, 91841
List the prime factors of 5875286145.
3, 5, 17189, 22787
What are the prime factors of 366474048?
2, 3, 37, 79, 653
What are the prime factors of 98777330?
2, 5, 71, 139123
What are the prime factors of 48653180?
2, 5, 2432659
List the prime factors of 2010408174.
2, 3, 47, 73, 3617
List the prime factors of 545707114.
2, 193, 1413749
List the prime factors of 453906771.
3, 23, 6578359
What are the prime factors of 14821?
14821
What are the prime factors of 3467643516?
2, 3, 96323431
List the prime factors of 987423077.
859, 1149503
List the prime factors of 306610890.
2, 3, 5, 179, 57097
List the pri